se -4*c + c = -v. What are the prime factors of c?
2, 7
Let k(r) = r**2 + 4. Let o be k(0). List the prime factors of o/14 - (-486)/63.
2
Let k be (-4)/(-12) + 17/3. Suppose -18 = 3*r - k*r. What are the prime factors of r?
2, 3
Let y be -12*5/(10/8). Let c be 3/2*y/(-18). Suppose 0 = -7*d + 3*d + 4, -4*d = c*n - 44. What are the prime factors of n?
2, 5
Let z = -15 + 23. Let m = -5 + z. What are the prime factors of m?
3
Suppose 2*j + 4*j - 480 = 0. List the prime factors of j.
2, 5
Suppose 28 = -u + 10. Let i = -10 - u. List the prime factors of i.
2
Suppose 0 = -6*i + 4*i + 8. Suppose -19 = h - 0*h + 5*y, -5*h - i*y = 11. What are the prime factors of (-1*(-2 + -13))/h?
3, 5
Suppose 2*p - 486 = 2*f, -p - 5*f = 2*p - 721. What are the prime factors of p?
2, 11
What are the prime factors of 4 - (-38 + 1 + -4)?
3, 5
Suppose -2*v = 0, -7*i + 36 = -3*i - v. List the prime factors of i.
3
Suppose 0 = 4*n - 24 + 8. Let u be (0 - -1) + (2 - 1). Suppose 3*i + 3*l = -l - 6, u = n*i + 2*l. What are the prime factors of i?
2
Let i(s) = 35*s - 4. Let b be i(4). Suppose -b = -4*l - 5*g, 4*l + 0*g - 124 = -2*g. List the prime factors of l.
29
Suppose 65 + 7 = -3*y. List the prime factors of 2/4 - 684/y.
29
Suppose -3*f + 10 = -k, -6*f + f = -k - 18. Suppose -k*u = 3*u. List the prime factors of u/(2 + -5) + 6.
2, 3
Let u = -2 - -6. Suppose 5*a - 36 = -u*q, 3*q - q = -4*a + 24. Let z = q - -3. List the prime factors of z.
7
Let b(k) = -k**3 + 4*k**2 + 7*k - 3. Suppose 15 = 4*y - 65. Suppose -5*z + y = -z. What are the prime factors of b(z)?
7
Suppose -500 = -4*f + b + 179, 3*b - 853 = -5*f. Suppose -37 = -2*k - 4*x + 3, 0 = -5*k + 4*x + f. Suppose -k = 4*p - 7*p. List the prime factors of p.
2, 5
Suppose 5*r = 2*r + 102. List the prime factors of r.
2, 17
Suppose -11 = -5*k - 1. What are the prime factors of k?
2
Suppose t - 4*t = -15. Suppose -7*f + 3*f = -3*v + 9, t*f = v - 14. List the prime factors of -3*(v*9)/3.
3
Let t be 2/1 + 6/(-2). Let c = 4 + t. Suppose 4*x = c*x + 8. List the prime factors of x.
2
Suppose 4*x - 216 = -28. Let a = x - 31. Suppose 2*s + 2*s = a. List the prime factors of s.
2
Let y = -212 + 344. List the prime factors of y.
2, 3, 11
Let h = -28 + 23. List the prime factors of (-276)/h - 2/10.
5, 11
Let q = -14 + 12. What are the prime factors of (q - (-112)/20)*5?
2, 3
Let x = -14 - -8. Let d = -4 - x. List the prime factors of 1 - (-1)/(d + -1).
2
Let x be -6*((-4)/8 + 0). Suppose x*w = u + 29, -1 = 4*u + 7. List the prime factors of w.
3
Let x(m) = -144*m + 2. What are the prime factors of x(-1)?
2, 73
Suppose -4*u + 597 - 53 = 0. List the prime factors of u.
2, 17
Let o be ((-6)/5)/((-5)/(-25)). Let j be (1 - 2/o)*3. Suppose 7 = 2*f - 4*z - 1, 0 = -4*z - j. List the prime factors of f.
2
Suppose 0 = -3*t + 4*t + 2. Let n be (-1)/2*(t - 0). What are the prime factors of 14*(3/6)/n?
7
Let y(b) = -3*b + 1. Let f be y(-1). Suppose -f*g = 3 - 103. Suppose 3*s - g = 32. List the prime factors of s.
19
Let j(c) = c. Let h(a) = 49*a - 1. Let i(o) = h(o) - 5*j(o). What are the prime factors of i(1)?
43
Let z(t) = -t + 7. List the prime factors of z(-10).
17
Let p = -1 - 1. Let d be 3/(3*p/(-18)). Let k = -4 + d. What are the prime factors of k?
5
Suppose 0 = -3*s - 10 - 8. Let g(p) = -p**3 - 5*p**2 + 5*p - 5. Let m be g(s). Let j(o) = 6*o**3 - o + 1. What are the prime factors of j(m)?
2, 3
Suppose 20 = -3*k + 41. What are the prime factors of k?
7
Let m be (-5 - -3) + 7 + -3. Suppose 2*c + m = w + 10, 4*w + c = 4. Suppose w = 3*l - 51. List the prime factors of l.
17
List the prime factors of (-6)/(-2) + 12 + 333.
2, 3, 29
Suppose -335 = -5*v + 530. What are the prime factors of v?
173
Let w = -84 - -187. List the prime factors of w.
103
Suppose 4*v = l - 156, v + 5*l = 7 - 67. Let c = 57 + v. What are the prime factors of c?
17
Let q(m) = -4*m. Suppose -24 = 3*t - 6. Let c be q(t). Let p = c + -12. What are the prime factors of p?
2, 3
Let h = 4 + -1. Suppose 0*u + h*u = 0. Let r(g) = g**2 - g + 10. What are the prime factors of r(u)?
2, 5
Let t(c) = -3*c**3 - 3*c**2 + 5*c - 3. What are the prime factors of t(-4)?
11
Let v(c) = -6*c + 7. What are the prime factors of v(-8)?
5, 11
What are the prime factors of (-1)/(-2)*24 + -3?
3
List the prime factors of ((-1)/(-1))/(5/(-6 + 546)).
2, 3
Suppose 242 = -q + 5*q - 3*a, 4*a = -5*q + 287. What are the prime factors of q?
59
Suppose -4*v + 310 = 38. What are the prime factors of v?
2, 17
Suppose -2 = 2*a, 4*r + 0*r - 251 = -5*a. List the prime factors of r.
2
What are the prime factors of 2 + (-368)/(-8 - -4)?
2, 47
Let g = -23 + 21. Let m be 10/6*3/(-1). What are the prime factors of (g/(-1) - m) + -1?
2, 3
Let n(x) = x**3 + 7*x**2 + 3*x - 1. What are the prime factors of n(-6)?
17
Let s = -42 - -18. Let a = 36 + s. List the prime factors of a.
2, 3
Let r = 5 + -3. Let p = 1 + r. List the prime factors of p.
3
Let r(i) = -i + 7. Let h be r(3). Suppose -48 = -h*o + 48. List the prime factors of o.
2, 3
Suppose -3*g = -13 - 2. Suppose g*o - 21 = 3*o + f, 0 = 3*o + 3*f - 45. What are the prime factors of o?
2, 3
Let a(g) = 2*g**2 - 2*g - 1. Let f be a(2). Suppose f*u + 29 = 8. Let n = -2 - u. List the prime factors of n.
5
Let d(s) be the third derivative of -s**4/24 - s**3/2 + s**2. List the prime factors of d(-6).
3
Suppose 5*j + 0 - 10 = 0. List the prime factors of ((-8)/8)/((-1)/j).
2
Let d(y) be the third derivative of y**5/40 - y**4/12 - 2*y**3/3 - y**2. Let v(f) be the first derivative of d(f). What are the prime factors of v(6)?
2
Suppose -5*f = -4*y + 75, -7*f + 3*f - 105 = -5*y. Suppose 0 = k + a - 10, -2*a - y = -3*k - 6*a. List the prime factors of k.
3, 5
Suppose 0 = -2*z - 2*l + 2, -5*z + z = 5*l. Suppose 4*d - 3*n = 12, d + 4*d - 15 = -z*n. Suppose m - 11 = -2*v, m = -d*m - 4. List the prime factors of v.
2, 3
Let s be -3*1 + (9 - 1). Suppose 2*r = s*c + 64, 24 = -5*c + 4. Suppose g + g - r = 0. What are the prime factors of g?
11
Let t = -54 - -83. List the prime factors of t.
29
Let g = 2 + 1. Suppose 2*c - 2*z - g*z = 5, -c = -3*z - 2. What are the prime factors of c?
5
Let d = -12 + 13. List the prime factors of d - -18 - (-1 + 2).
2, 3
Suppose 0*s + 2*s - 4*o = 26, -2*o + 2 = 2*s. Suppose -5*r + 0*r + s = 0. Let y = 3 + r. What are the prime factors of y?
2
Let o(y) = -y**3 - 10*y**2 - 9*y + 4. Let k be o(-9). Suppose 5*p - 23 = k*p. List the prime factors of p.
23
Suppose -5*a - 3 = -13. Suppose -7 - 1 = -a*u, 4*t = u + 48. What are the prime factors of t?
13
Let v = -16 + 73. List the prime factors of v.
3, 19
Suppose 5*y = -0*y + 240. Suppose 15 = -3*o - 4*i + y, 2*o + 3*i = 23. What are the prime factors of o?
7
Suppose 3*c = 86 - 17. What are the prime factors of c?
23
Suppose 0 = -l - 2 - 8. Let f be 2/(-5) - 84/l. Suppose 3*q + v - f = 26, -q + v + 6 = 0. List the prime factors of q.
2, 5
Suppose 11 = 2*u + f, f = -u + 5*f - 8. Suppose -3 = -o + 2, -u*o = -4*l. List the prime factors of l.
5
Let w = 6 - 3. Let d = -7 + w. List the prime factors of 12/1 - (d + 4).
2, 3
Let r = 9 - 7. Suppose 0 = 4*j - 4*v - 8, -v - 1 - 4 = -r*j. What are the prime factors of j?
3
Let k(r) = 3*r + 18. What are the prime factors of k(10)?
2, 3
Suppose 0 = 3*w - 12, 6*w = -t + 3*w + 9. Let a = t - -3. Suppose 3*y = n - a*y - 11, 6 = n + 2*y. What are the prime factors of n?
2
Let n(y) = y**3 + 8*y**2 + 8. Let k be n(-8). Let j = k + -6. List the prime factors of j.
2
Let o(z) = -z - 3. Let h be o(-5). Suppose -h*f = -12 - 10. Suppose 23 + f = 2*r. What are the prime factors of r?
17
Suppose -26 = 2*s + 3*k - 1, -2*s + 2*k = 30. Let v(x) = 7*x + 30. Let l be v(0). Let g = l + s. List the prime factors of g.
2
List the prime factors of (-1 + 0 + 3)/((-12)/(-1074)).
179
Suppose -7*z = -4*z - 246. List the prime factors of z.
2, 41
Let y = -1 - -3. Suppose -5*v + 27 + 4 = x, 5*x = -y*v + 17. List the prime factors of v.
2, 3
Suppose 0 = q - 9. Let n = 15 - q. Let s(t) = -t**2 + 7*t + 3. List the prime factors of s(n).
3
Let r(d) = 3*d**2 + 5*d - 7. Suppose -2*l + 5 + 1 = 0. List the prime factors of r(l).
5, 7
Let v(q) = 3*q + 5. Let o be v(-4). Let g(u) = -2*u**2 - 10*u - 8. Let h be g(o). What are the prime factors of h/4*1*-1?
3
Suppose 0 = -g + 33 + 13. List the prime factors of